 17
Let t be 1 - (4 - -146)/(-5). Let y be -3*t*124/(-12). Suppose -736 = -4*x + 5*d, -d + 5*d - y = -5*x. List the prime factors of x.
3, 7
Let x(t) = 5 - 2*t + 96*t**2 - 4 + 5 - 5. Suppose 0 = h - 7*h + 6. What are the prime factors of x(h)?
5, 19
Let b(c) = 168*c - 583. What are the prime factors of b(29)?
4289
Suppose 11*s + 2*f - 40 = 10*s, 4*f + 40 = 2*s. List the prime factors of 14*(-5)/(s/(-66)).
2, 7, 11
What are the prime factors of (-1982)/((2 - 4)/(4 - 0))?
2, 991
Let z(l) = -1489*l + 40315. What are the prime factors of z(0)?
5, 11, 733
Let l be (-2*(-22)/4)/((-1)/(-4)). Suppose 0 = 39*j - l*j. Let z(y) = y**2 - 3*y + 98. What are the prime factors of z(j)?
2, 7
Suppose 2*m = 3*z + 2, 3*m = -0*m - 5*z + 22. Suppose -m*i + 4*r + 56 = 8, 4*r + 13 = -i. Suppose 2*n + i*n - 792 = 0. What are the prime factors of n?
2, 11
What are the prime factors of ((-8)/(-60))/((-2)/234)*(-454080)/774?
2, 11, 13
Let g(l) = -l**3 - l**2 + 4. Let r be g(-6). Let x = r + -415. Let y = -86 - x. List the prime factors of y.
5, 29
Suppose -12 = 3*x + 2*u, 21 = -76*x + 71*x - 3*u. Let t(w) = -12*w**2 - 3 - 1 + 0 + 5*w - 3*w**3. What are the prime factors of t(x)?
2, 7, 13
Suppose -44*q + 68548 = 4*w - 49*q, 0 = 3*q - 24. What are the prime factors of w?
13, 1319
Let d be 3 - (1 + -1) - (-2 + -2). What are the prime factors of (-1008)/108*(-1002)/d?
2, 167
Let i(g) be the first derivative of 2*g - 1/4*g**4 - 1/2*g**2 + 38 + 4*g**3. List the prime factors of i(9).
2, 59
Suppose 0 = -27*u - 14044 + 2785. Let g = u - -919. What are the prime factors of g?
2, 251
Let i = -17 + 24. List the prime factors of 15/(-5) + 574/i.
79
Let m(i) = 1915*i**2 - 12*i + 4. List the prime factors of m(-1).
1931
Let i(w) = -56*w**3 - 15*w**2 - 2*w + 14. What are the prime factors of i(-6)?
2, 5791
Suppose -177 = 10*d - 277. Suppose 9*q + 243 = d*q. List the prime factors of q.
3
Suppose 59*s - 959204 = -4*q + 55*s, s - 479606 = -2*q. List the prime factors of 2/(-7) + q/315.
761
Let j(y) = -y**3 + 2*y**2 + 6*y + 8. Let o be j(4). Suppose -5*g + v + 296 = -80, o = -2*g - v + 156. What are the prime factors of g?
2, 19
Let g(a) = 3*a**2 - 64*a + 40. Let f be g(28). Let x = 1093 - f. What are the prime factors of x?
17, 29
Suppose -5*m + 41 - 11 = 0. Let q be (-16)/m*12/4. Let t = q - -82. List the prime factors of t.
2, 37
Let g = 400 + -211. Let n = g + -109. Suppose -x + t + 40 = 2*x, 4*x = -4*t + n. What are the prime factors of x?
3, 5
Suppose 0 = -k + 4*g + 3370, 5*g = -2*k - 3*k + 16875. List the prime factors of k.
2, 7, 241
Suppose -3*j - 11 + 101 = 0. Suppose j*f - 12012 = 4*f. What are the prime factors of f?
2, 3, 7, 11
Let n(g) = -g**2 + 16*g + 9. Let v(p) be the first derivative of p**3 - 31*p**2/2 - 19*p + 10. Let m(x) = -5*n(x) - 2*v(x). List the prime factors of m(-9).
2, 37
Let d = -315 - -327. List the prime factors of 35/28 + 5721/d.
2, 239
Let u = -9395 + 18957. What are the prime factors of u?
2, 7, 683
Let w(h) = 169 - 45 + 13 + 52 + 58 + 79*h. What are the prime factors of w(10)?
17, 61
Suppose -31470*k = -31450*k - 1505340. What are the prime factors of k?
3, 8363
Let o = 51 + -51. Let z be o/(-7)*((-6)/4 + 2). Suppose z = 5*f - d - 390, d = 2*f - f - 82. What are the prime factors of f?
7, 11
Let z(r) = r**3 - 17*r**2 + 99*r - 12. Let l(d) = -d**3 + 18*d**2 - 99*d + 12. Let f(o) = 5*l(o) + 6*z(o). What are the prime factors of f(10)?
2, 389
What are the prime factors of (-26)/(69633/(-13923) + 5)?
7, 13, 17
Let i be (-2286)/(-4) - (0 - -6)/12. Let h = 984 - i. What are the prime factors of h?
7, 59
Let r(b) = -6*b - 52. Let s be r(-9). Suppose -3*k = -t - 6*k - 179, -353 = s*t + 5*k. Let f = t - -277. List the prime factors of f.
113
Suppose -50 = -9*x + 14*x. Let j = x + 20. Suppose -j*o + 497 = -173. List the prime factors of o.
67
Let s(x) = -2015*x - 1. Let m be s(-1). Let d(c) = -2*c + m - 2012 + 10*c**2 - c**2. What are the prime factors of d(4)?
2, 3, 23
Suppose -w = -2*j + 11, -16 = -5*j + 3*j + 2*w. Let y(h) = 84*h + 75*h - 156*h - 4 + 2*h**3. List the prime factors of y(j).
59
What are the prime factors of (-4)/(-46) - ((-2774064)/138 - -27)?
5, 11, 73
Suppose 11*z + 1901 - 7324 = 0. Suppose -3*a = -2*q + z, 0*q - 744 = -3*q + 3*a. Suppose 7*o - 764 = q. List the prime factors of o.
5, 29
Suppose -41*l = -45*l - 51080 + 350904. List the prime factors of l.
2, 7, 2677
Let v(b) be the first derivative of b**3/3 + 55*b**2/2 - 91*b - 60. What are the prime factors of v(21)?
5, 7, 43
Let l be 8/60*-20 - 4/3. Let t(j) = -17*j**3 - j**2 - 23*j + 7. What are the prime factors of t(l)?
1171
Suppose 3*c + 7*d - 24086 = 61462, d = 0. What are the prime factors of c?
2, 7129
Suppose -103 = r + 68. Let i = 100 + r. Let m = 115 + i. What are the prime factors of m?
2, 11
Suppose 5*r + 203 + 546 = 2*w, -2*r + 4*w - 290 = 0. Let x = r + 377. List the prime factors of x.
2, 113
Let n be 44463*1 - -3*(-1)/(-3). Suppose -17*g - n + 12164 = 0. List the prime factors of g/(-80) - (-6)/(-8).
23
Let a(m) = -8*m**2 + 11*m + 29. Let u be a(-7). Let l be (-14)/21 + u/(-3). Let x = l - -4. What are the prime factors of x?
2, 3, 5
Let i = 95 - 91. Suppose -100 = -a + 3*r, -a = -6*a + i*r + 478. List the prime factors of a.
2, 47
Suppose -4*p + 4*x + 1580 = 0, -x - 941 = -5*p + 1014. Let t = 616 - p. List the prime factors of t.
2, 113
Let c be 154/10 - (-70)/(-175). Suppose -5*q = -c, -12*k = -7*k - q - 1382. What are the prime factors of k?
277
Let z be -1*1*140/(-35). Suppose z*p + b - 137 = 2072, 3*p = 5*b + 1674. What are the prime factors of p?
7, 79
Let x(o) = o**3 + 4*o**2 + o + 4. Let q be x(-4). Let g(t) = -11*t - 1 + q*t + 3*t. What are the prime factors of g(-10)?
79
Let a(w) = 3*w**2 + 7*w + 81. Let d(s) = s**2 + 34*s - 84. Let x be d(-36). What are the prime factors of a(x)?
3, 11, 13
Let b(s) = -4*s**2 + 7*s - 1. Let r be b(5). Let f = 30 + r. Let d = f - -56. What are the prime factors of d?
2, 5
Let y(x) = 6*x**2 - 48*x + 4. Let a be y(8). Suppose -2*q = n + a*n - 898, 5*q - 2191 = n. What are the prime factors of q?
439
Suppose 2 = -a - 4*m - 23, 5*a + 2*m = -53. List the prime factors of (3 - (-57)/a)/(4/(-186)).
5, 31
Let n(b) be the third derivative of 9*b**4 - 31*b**3/6 + 13*b**2. List the prime factors of n(2).
401
Let o be (2/5)/(3/(-30)). List the prime factors of ((-3)/o)/((-1)/(-540)).
3, 5
Suppose 77*r + 1861 = m + 74*r, -3*m + 5609 = 4*r. List the prime factors of m.
1867
Let d(x) = 11*x + 73. Let w be d(-6). Let o(r) = 2*r**3 - 10*r**2 - 4*r + 33. What are the prime factors of o(w)?
3, 67
Suppose 4*p + 3*u - 49916 = 0, -84*p + 79*p + 62389 = 3*u. What are the prime factors of p?
12473
Let f be 0 - (1186/6)/(7/(-21)). Suppose -6*r + f = -727. Suppose 59 = -7*c + r. What are the prime factors of c?
23
Let s(v) be the third derivative of 5*v**4/24 - 23*v**3/6 + 2*v**2. Let m be s(5). Suppose m*d - 50 + 30 = 0. What are the prime factors of d?
2, 5
Let t = 52 + -49. Suppose 3*w + 2*w = 0, 0 = -2*v + t*w - 112. Let l = -49 - v. What are the prime factors of l?
7
Let k = -32207 + 57149. What are the prime factors of k?
2, 3, 4157
Suppose -140286 - 729420 = -19*f. What are the prime factors of f?
2, 3, 2543
Let k(j) = -4*j + 6*j + 5*j + 8 - j**2 - 2*j**3. Let l = -280 + 275. What are the prime factors of k(l)?
2, 3, 11
Let b(u) = -1. Let s(q) = -10*q - 22. Let x(g) = -b(g) + s(g). Suppose -3*j + 3 = 0, -w = -3*w - 4*j - 18. List the prime factors of x(w).
89
Suppose 8*z - 21*z = -2275. Let f = -430 + z. Let x = 387 + f. What are the prime factors of x?
2, 3, 11
Suppose 96*m - 379720 - 122255 = 137289. What are the prime factors of m?
6659
Suppose -2*u + 2*q + 427 = -677, -5*u + 3*q + 2752 = 0. Suppose -u = -x - 4*d, -4*d - 1300 - 1368 = -5*x. List the prime factors of x.
2, 67
List the prime factors of (1721/2 + -1 - -6)*24.
2, 3, 577
Suppose 3*l + 10 = 5*m, -m - 4*m = -2*l - 10. Let d(a) = 2*a + 4. Let o be d(l). List the prime factors of 18*o/4*5.
2, 3, 5
Let f be (6 + 0)/((-8)/12). Let w(q) = 4*q**2 + 18*q + 6. Let c be w(f). Suppose -2*p = 2*p + 2*m - c, 4*m = -8. List the prime factors of p.
43
Let g(h) = 5*h - 10. Let t be g(6). Let z be (-4)/(-36)*-3*-45. Suppose -z*q + t*q = 775. List the prime factors of q.
5, 31
Suppose 75*u = -42*u +